Let p be 226 + (-1 - 4) + 1. Let d(j) = 7 + p*j + j**2 - 216*j + 0*j**2. Calculate d(-5).
2
Let t(m) = 7*m + 47. Let z be t(-7). Let d(a) = -7*a + 2. What is d(z)?
16
Let f(n) = -n**3 + 4*n**2 + n + 3. Suppose -d - 12 = -4*h, -24 = -2*h - 0*h - 4*d. Suppose 2 = -h*s - 3*l + 3, 2*s = -3*l - 7. Calculate f(s).
7
Suppose 0 = j - 3, -4*a = 5*j + 1. Let i(g) = 3*g**3 - 10*g**2 - 18*g + 5. Let y(l) = -5*l**3 + 15*l**2 + 28*l - 7. Let h(s) = 8*i(s) + 5*y(s). Calculate h(a).
5
Suppose -4*q - 4*m - 14 = -26, -14 = -4*q - 3*m. Let a(u) = -u**2 + 4*u. Calculate a(q).
-5
Let n(v) = -2*v + 4. Let z(b) = 3*b - 3. Let w(k) = -2*n(k) - 3*z(k). Let o be w(-1). Let l(u) = 6 + 15*u - u**3 - 23*u - 3*u**2 + 10*u**2. What is l(o)?
-6
Let g(x) = -2*x - 9*x + 5 + 7*x. Let d(u) = 2*u - 3. Let y(q) = 5*q - 7. Let l(m) = -5*d(m) + 3*y(m). Let a(r) = -3*g(r) - 2*l(r). What is a(3)?
3
Suppose 139*r - 140*r = 1. Let o(t) = 4*t**3 - 2*t**2 - 3*t - 2. What is o(r)?
-5
Let b(j) = 5*j + 15*j - 8 + 4*j**2 - 15*j + 4*j**3. Let x(f) = -3*f**3 - 4*f**2 - 4*f + 7. Let g(k) = -4*b(k) - 5*x(k). What is g(3)?
6
Let s(l) = -3*l + 1. Let m be (-336)/(-180) - 4/(-30). Suppose 32 = -3*z - 4*n, 0 = -5*z - 2*n - 28 - m. Let h be (z - -3)*(-3)/(-3). Calculate s(h).
4
Let o(r) = -17*r + 15*r**2 + 767 - r**3 - 1460 + 735. Calculate o(14).
0
Let r(m) = -m + 2. Suppose 0 = 22*k - 13*k - 9. Give r(k).
1
Suppose -2*p - 5*v = -10, 7*p + 5*v - 20 = 3*p. Suppose p*k = -2*k. Let l(z) = 6 + 0*z**2 - 6*z + z**2 + k*z**2 + 13*z. Calculate l(-7).
6
Let h(r) = -r + 6. Let u = 19 - 29. Let b = u - -2. Give h(b).
14
Let b(a) = 3*a**2 - 60*a - 13. Let s be b(20). Let u(o) = -o**3 - 13*o**2 - 7. Calculate u(s).
-7
Let k(d) = 2*d**3 - d**2. Let a(u) = 4*u - 5*u**2 + u**3 - 3*u - u**2 - 7. Let s = -248 - -254. Let j be a(s). Give k(j).
-3
Let p(w) = 53*w - 2897*w**2 + 2898*w**2 - 29*w + 9. Calculate p(-24).
9
Let a be (-5016)/(-144) - 2/(-12). Suppose 0 = -2*m + a - 25. Let v(q) = -q + 8. Calculate v(m).
3
Let i(d) = 4*d**3 - d**2 + 13*d + 5. Let s(x) = -2*x - 1. Let y(u) = i(u) + 6*s(u). Determine y(1).
3
Let u be 1 + (-3 - (-1 - 2)). Let j(o) = 51*o**2 - 14*o - 13. Let g(l) = -34*l**2 + 9*l + 8. Let v(t) = 8*g(t) + 5*j(t). Give v(u).
-16
Let k be (-16)/(-8)*(-2)/(-1). Suppose -5*s = 2*b + 3 - 2, -5*s = -5*b + 15. Let y(q) = -2*q + 3 + q - 2*q + b*q. What is y(k)?
-1
Let y = -36 - -24. Let d(x) = 24*x + 14*x + 20*x - 74*x - 8 + 15*x. Determine d(y).
4
Let x(o) = 12 - 6 - 16 - 9*o - 30 - 1. What is x(-5)?
4
Let d(h) = h + 0*h + 16*h**2 - h**3 + 2 - 17*h**2. Let k(j) = j - 5. Let r be k(8). Let i(c) = c**3 + c**2 - c - 3. Let b(t) = r*d(t) + 2*i(t). Give b(1).
-1
Let m(n) = -5*n - 5. Let d(i) = 2*i - 3. Let k be d(6). Let v(f) = 11*f + 10. Let b(g) = k*m(g) + 4*v(g). Calculate b(0).
-5
Let c be -4 - -6 - (1 - 1). Suppose 15 = c*u + u. Suppose 3*s - u = -b, s - 2 = 2*b + 2. Let v(x) = 8*x. Determine v(b).
-8
Let y(p) = p**3 - 7*p**2 + 5*p + 2. Let i(m) = -m**2 + 2. Let g be i(0). Suppose -4*r = -r - 4*q - g, -2*r - 2*q = 22. Let v = r + 12. What is y(v)?
-4
Let s = -66 - -63. Let v(y) = 13*y + 38. Let r be v(s). Let q(g) = 14*g**2 + 2*g + 1. Determine q(r).
13
Let v(z) = 6*z**2 - 3*z + 2. Suppose 2*p - 14 = 2*i, 20 = -8*i + 3*i. Give v(p).
47
Suppose 5*t - 3*t = 18. Let x(h) be the third derivative of -h**6/120 + 3*h**5/20 + 5*h**3/6 + 18*h**2 - 56. Give x(t).
5
Let r(n) be the third derivative of 0*n - 7/60*n**5 + 0 + 1/120*n**6 + 1/12*n**4 - 5/3*n**3 + n**2. Give r(7).
4
Suppose 18 = -28*g + 46. Let s(l) = 7*l**3 + l. Determine s(g).
8
Let k(g) = -g**2 - 5*g - 4. Let q(p) = 4*p**2 + 15*p + 10. Let r(j) = 7*k(j) + 2*q(j). What is r(7)?
6
Let h = -79 - -84. Let u(z) = -5*z**3 + 10*z**2 - 3*z - 9. Let g(x) = -4*x**3 + 9*x**2 - 3*x - 8. Let n(l) = -4*g(l) + 3*u(l). Determine n(h).
-5
Let u(f) = 25*f**2 - 13*f - 4. Let q(o) = 17*o**2 - 9*o - 3. Let i(s) = 7*q(s) - 5*u(s). Calculate i(1).
-5
Let o be (-184)/32 + 5 + (-195)/(-4). Let v = o + -47. Let g(k) = 16*k. Give g(v).
16
Let l(u) = 3*u**3 + u**2 - 65*u - 2 - 71*u + 133*u. Calculate l(-2).
-16
Let x = -973 - -971. Let b(h) = -4*h - 6. What is b(x)?
2
Let d(h) = h**3 - 5*h**2 - 6*h + 3. Suppose 0 = t + 4 - 7. Suppose 21 = c - 3*l, -5*c + 0*c - t*l = -69. Suppose -18 = -c*i + 12*i. Determine d(i).
3
Let d(r) = -3*r**3 + 5*r**2 - 4*r - 20. Let x(w) = 5*w**3 - 9*w**2 + 7*w + 41. Let l(g) = -7*d(g) - 4*x(g). Suppose -11*b = -19*b. What is l(b)?
-24
Let m(v) = -140*v**2 + 482 + 6*v - 478 + 139*v**2. What is m(3)?
13
Suppose 4*u = 2*n + 30, -u = -0*n + n. Let q = -78 + 82. Let g(m) = -3*m - 2 + q*m**2 + 2*m + m**3 - 2*m**3 + 6*m. Give g(u).
-2
Let v(s) = -s**2 + 8*s - 8. Let q be v(6). Suppose 3*m = -q*m - 49. Let c(r) = 2*r + 10. Calculate c(m).
-4
Let v be 24/(-5)*(44/(-8) + -2). Suppose 36 - v = -3*f. Let p(j) = j**3 + 2*j**2 - j + 10 - j**2 + 0*j**2. Give p(f).
10
Let q = 1573 - 1571. Let d(o) = 8*o - 3. Determine d(q).
13
Let f = -10 - -21. Let j(p) = -p**2 + 9*p + 16. Let y be j(f). Let i(h) = -h**2 - 7*h + 3. Determine i(y).
9
Suppose -5*v - 2*y + 13 = y, -v + y + 1 = 0. Let w(k) = -k**3 - k**v - 27 + 30 + k**2 + k**2 + k. Determine w(3).
-12
Let u(p) = p**2 - 9*p - 11. Suppose -1048*n = -1050*n + 24. Calculate u(n).
25
Suppose -4*t = 3*x - 17, 2*x + 3*t - 13 + 1 = 0. Let o(z) = -9*z - 4 + x*z + 12 + 4*z. Calculate o(6).
-4
Suppose 44 = -9*j - 73. Let c(a) = -a**3 - 15*a**2 - 27*a - 9. Determine c(j).
4
Let v(u) be the second derivative of u**4/12 + u**3/6 - u**2 + 2455*u. Suppose -p + 1 = 3*t, 5*p + 35 = 3*t + 2*t. Give v(p).
18
Let u(t) = 6*t + 8. Suppose -3*a = -4*d + 38, 4*a = 6*d - 5*d - 29. Determine u(a).
-28
Let b(k) be the first derivative of k**3/3 + k**2 - 2*k - 73. What is b(-7)?
33
Suppose 0 = 12*x - 95 + 23. Let g(r) = r**2 - 3*r - 2. What is g(x)?
16
Let u = 108 + -95. Let g(y) = y**2 + 10*y + 9. Let z be g(-7). Let k = u + z. Let j(o) = 6*o. Determine j(k).
6
Let c(z) be the second derivative of z**3/6 + 7*z**2/2 - 6*z + 1. Suppose 0 = -5*o + 1 + 14. Let v be o + -3 + 0 + 0. What is c(v)?
7
Let h(n) = -2*n + 11. Let y be h(6). Let g(w) be the first derivative of -21*w**4/4 + w**3/3 + w**2/2 - 138. Calculate g(y).
21
Let h(f) = f**2 - 8*f + 5. Let w be (-2)/(-4 - (-102)/27). Suppose 2*n - 12 = 6*n. Let a = n + w. Calculate h(a).
-7
Suppose a + 4 = -2. Let r(p) be the third derivative of -p**4/24 - 5*p**3/6 - 190*p**2. Calculate r(a).
1
Let o be (88/(-33))/((-4)/(-6)) - -1. Let n(z) = -z**3 - 5*z**2 - 3*z + 4. What is n(o)?
-5
Let z(v) be the second derivative of -v**5/20 - 11*v**4/12 - 11*v**3/6 - 7*v**2/2 + v. Let o(j) = 18*j**2 + 125*j - 17. Let b be o(-7). Calculate z(b).
3
Suppose 0*d + 4*d + 5*c - 11 = 0, -c + 8 = -5*d. Let y = 1 - d. Suppose -4 = -3*n + y. Let s(z) = z**3 - 2*z**2 - z - 1. Give s(n).
-3
Let r(p) be the first derivative of -5/2*p**2 - 3*p + 1/12*p**4 - 7/6*p**3 - 8. Let g(n) be the first derivative of r(n). Calculate g(8).
3
Suppose -k + 5*k - 4 = 0. Let l(r) = -1. Let i(y) = y + 6. Let p(d) = k*i(d) + 6*l(d). Determine p(-4).
-4
Let i(y) be the first derivative of -y**3/3 - y**2 + y + 4. Let m(j) = 2*j**2 + 15*j - 15. Let k be m(1). Determine i(k).
-7
Suppose -2*i + 72 = -0*i. Let l(u) = -19*u + i - 78 + 41. Determine l(-1).
18
Let f(z) be the second derivative of 22*z - 1/6*z**3 + 0 - 3/2*z**2. What is f(-7)?
4
Suppose j + 1 = -0. Let r(f) = 26*f**2 + 8*f**3 + 0 - 4 + 3 - 25*f**2. Give r(j).
-8
Let a(h) be the first derivative of h**2/2 + h + 3. Let w be a(-5). Let x(y) be the first derivative of -y**3/3 - 5*y**2/2 - y - 1. Calculate x(w).
3
Suppose -2*w = 2*w + v - 3, -w - 3 = -v. Let i(s) be the second derivative of -s**5/20 + s**3/6 - 11*s**2/2 + 33*s. What is i(w)?
-11
Let q(g) = -3*g**2 + 1. Let i(y) = y**2 + 3*y - 11. Let t be i(-5). What is q(t)?
-2
Let w(u) = -8*u**3 - 2*u**2 - 8*u - 6. Let z(m) = 7*m**3 + m**2 + 6*m + 4. Let g(i) = -6*w(i) - 7*z(i). Give g(6).
8
Suppose -s - 22 + 223 = 0. Let d(k) = -s*k + 1 - k**2 + 194*k + 2. What is d(-7)?
3
Suppose 2 = 2*w, y = -2*y + 3*w. Let f(h) = -2*h. Let q be f(y). Let r be 18/16 - q/(-16). Let n(c) = 5*c**2 + 2*c - 1. Determine n(r).
6
Let h(r) = -r**3 - 3*r**2 + r + 3. Let d be h(-3). Let a(s) be the first derivative of 8*s + 1/2*s**2 + 1. Calculate a(d).
8
Suppose 